 = 3*b - d - 17. Let k = 46 - 43. Suppose 26 = k*g - g. What is the remainder when g is divided by b?
1
Let r = -194 + 358. Calculate the remainder when (-4)/10 - 0 - r/(-10) is divided by (-1 + 7)*1*1.
4
Suppose -5*j + 79 = 5*z - 16, 2*z = j + 26. Let q = z - 10. Suppose -q*y + 42 = x, 5*x - 4*x - 12 = y. What is the remainder when x is divided by 9?
8
Suppose 56 = 4*m - 4*q, 47 = -4*m + 8*m + 5*q. What is the remainder when 610 is divided by m?
12
Let j(r) = 6*r**2 + 14*r + 19. What is the remainder when 44 is divided by j(-2)?
14
Let v = -1275 + 1712. What is the remainder when v is divided by 22?
19
Suppose 58 = -2*j + 5*n, -4*j - 109 = -j - 2*n. Let a = 58 + j. What is the remainder when a is divided by (2*7)/(7 + -5)?
5
Let q = 1 - -9. Suppose -q = -5*a + 35. Let k(n) = n**3 - 9*n**2 + 2*n - 11. What is the remainder when k(a) is divided by 4?
3
Suppose -5*t - 344 = -4*u, 5*t = -5*u - 0*t + 475. What is the remainder when u is divided by 22?
3
Suppose 5 = 18*r + 5. Suppose -60*t + 64*t - 104 = r. What is the remainder when 102 is divided by t?
24
Suppose -59*m = -61*m + 18. Calculate the remainder when 33 is divided by m.
6
Suppose -11*g - 136 = -15*g. What is the remainder when 0 + 0/(-2) + g is divided by (-1 + (-1)/(-5))*-15?
10
Let x(f) = 74 + 2*f**2 - 65 - 8*f + 0*f**2. Let s = 19 + -13. Calculate the remainder when x(s) is divided by 17.
16
Suppose -2*a + 10 = 0, -3*a - 174 = -b + a. Calculate the remainder when b is divided by 33.
29
Suppose -48*n - 80 = -50*n. What is the remainder when n is divided by 9?
4
Let m(o) = o**2 - 3*o - 27. Suppose 4*g + 39 = -d, -5*g + d + 2*d = 53. What is the remainder when m(g) is divided by 26?
25
Suppose 0 = -2*u + 4*t + 2, 0*t = -5*t. Suppose -3*c - u = -31. Suppose -3*v - 84 = -5*q, 4*q - 55*v - 62 = -50*v. What is the remainder when q is divided by c?
8
Let l = 27 - 24. Let f = 60 - 43. Calculate the remainder when f is divided by l.
2
Suppose r = 4*y + 22, 26 = -5*y + 4*r + 4. Let j(f) = f**2 + 5*f. Suppose 0 = 4*b + 7 - 47. Calculate the remainder when b is divided by j(y).
4
Let r(l) = l + 56. Suppose -15 - 21 = 3*p. What is the remainder when 173 is divided by r(p)?
41
Let z(s) = 5*s - 95. What is the remainder when z(22) is divided by 10?
5
Suppose 3 = c + 4*x, -12*x = 2*c - 9*x - 21. Calculate the remainder when 72 is divided by c.
12
Let z(d) = -9*d - 2. Let u be z(-8). Suppose u = 2*n + 3*n. Suppose -131 + 23 = -4*c. What is the remainder when c is divided by n?
13
Suppose 4*l + 3*j = j + 1686, -j - 1252 = -3*l. Suppose 0 = -6*r + 115 + l. Calculate the remainder when r is divided by 23.
20
Let c = 369 - 180. What is the remainder when c/9 - (-2 - -4) is divided by 7?
5
Let o(u) = -3*u + 62. What is the remainder when o(0) is divided by 8?
6
Suppose -3*p = -5*p + 10. Suppose -5*b + 5*u = -10, p*b - 22 = -0*b - u. Calculate the remainder when 6 is divided by b.
2
Let i(j) = -j - 1. Let w(l) = -7*l - 6. Let v(o) = 4*i(o) + w(o). Let c(r) = 17*r**3 - r**2 + r - 1. Calculate the remainder when v(-8) is divided by c(1).
14
Suppose m - 4*m = -36. Suppose 13*g = 9*g + m. Calculate the remainder when 9 is divided by g.
0
Let v(s) = 4*s**3 + 28*s**2 + 12*s + 44. Let a = 80 + -40. Calculate the remainder when v(-6) is divided by a.
36
Let n(l) = 3*l**2 + 3*l + 1. Let t be n(-2). Suppose 2*a = -2*g + 66, -t*a - 15 = -2*a. What is the remainder when g is divided by 20?
16
Let v(u) = -26*u**2 + 10*u**2 + 20*u + 41 + 17*u**2 + 7. What is the remainder when 190 is divided by v(-20)?
46
Suppose 150 + 99 - 96 = 9*n. What is the remainder when (-157)/(-5) + 4/(-10) is divided by n?
14
Let o(n) = -n**2 - 13*n + 29. What is the remainder when 76 is divided by o(-13)?
18
What is the remainder when (1 - (-108 - 0)) + (-10 - -11) is divided by 37?
36
Suppose 0 = 3*s - s - 2*f - 12, 2*f + 8 = 0. Suppose 2*m = 3*c - 143, c - 123 = -s*c - 3*m. Calculate the remainder when c is divided by 23.
22
Let n(a) = 2*a**2 - 5*a - 13. Let g(l) = 3*l**2 - 6*l - 14. Let b(x) = 3*g(x) - 4*n(x). Calculate the remainder when 71 is divided by b(-4).
17
What is the remainder when 293 is divided by ((-2664)/(-96))/((-6)/(-16))?
71
Calculate the remainder when 1*((-10)/5 - -3) + 622 is divided by 24.
23
Suppose -74 = -5*b - 4. Let w be 18/(-45) - b/(-10). What is the remainder when 12 + (-1)/w + -1 is divided by 3?
1
Suppose -n + 28 = 26. Calculate the remainder when 1 + -3 - -1 - (-10 + 3) is divided by n.
0
Suppose t = -2*x - 0*x + 45, 15 = -5*x. What is the remainder when 254 is divided by t?
50
Let z = -20 + 28. Calculate the remainder when 31 is divided by z.
7
Suppose -3*k = -13 + 7, -r + 3*k + 9 = 0. Suppose -6*n = -r*n + 144. Calculate the remainder when n is divided by (4/(-5))/((-4)/30).
4
Let c(d) = d**3 - 19*d**2 + 18*d + 39. Calculate the remainder when c(18) is divided by 21.
18
Suppose 25*v - 259 = 18*v. Let d(z) = -z**3 + z. Let y be d(-1). Let m = 13 + y. What is the remainder when v is divided by m?
11
Let n = 5 + -11. Suppose 0 = 3*j - 31 + 4. What is the remainder when 55 is divided by ((-114)/j)/(4/n)?
17
Suppose -z + 3514 = 13*z. Calculate the remainder when z is divided by 124.
3
Suppose 2*u + 2*d = -0*d + 100, -5*d - 230 = -5*u. What is the remainder when u is divided by 17?
14
Let s(d) be the second derivative of d**4/12 + d**3/6 + 3*d**2/2 + 11*d. Calculate the remainder when 53 is divided by s(2).
8
Suppose -18 = -u - 3*b + 45, -216 = -4*u - 3*b. Suppose 4*n - 5*g - 82 = n, 4*n = -5*g + u. What is the remainder when 46 is divided by n?
8
Let x = 17 + -5. Let t be (4/(-5))/(x/30). Calculate the remainder when 62 is divided by (-3)/6 - 33/t.
14
Suppose -5*p = 2*u - 911, p + 3*u + u = 193. What is the remainder when p is divided by 61?
59
Suppose 4*w + 15*w - 4560 = 0. Suppose -w = -5*t + 285. What is the remainder when t is divided by 28?
21
Suppose -32 = -4*v - s + 3*s, -4*v - 3*s + 22 = 0. Suppose v*h - 165 = 2*h. Calculate the remainder when 64 is divided by h.
31
Let a(s) = s**2 - 3*s - 3. Let z be a(2). What is the remainder when (z - -1)/4*-59 is divided by 12?
11
What is the remainder when (-1 + -1)/(2/(-59)) is divided by (-6 + 114/15)/(-5*(-4)/200)?
11
Let b(a) = -a**3 + 3*a**2 + a + 10. Let q be b(4). Let s = 33 - 17. Calculate the remainder when s is divided by 8 + -1 + (q/(-2) - 2).
4
Suppose 2*m - 3*m + 33 = -3*g, 2*g - 6 = 0. Calculate the remainder when m is divided by 12.
6
Let t(h) be the second derivative of -1/6*h**3 + 8*h + 0 + 5/2*h**2. Calculate the remainder when 62 is divided by t(-11).
14
Let g = 81 + -80. Let o(b) be the third derivative of -b**5/60 + b**4/4 + 4*b**3/3 + b**2. Calculate the remainder when g is divided by o(7).
0
Let n(u) = u + 60. Suppose 3*c + 5*g = 7*c + 52, 65 = -5*c + 3*g. What is the remainder when n(c) is divided by 25?
22
Let b = -17 + 18. Let c(v) = 180*v**3 - v. What is the remainder when c(b) is divided by 36?
35
Suppose -3*q - 27 = 30. Calculate the remainder when 62 is divided by (1 - q/3)*3.
18
Suppose -5*r = -4*s + 227, s - 3*r - 52 - 3 = 0. Suppose 5*i - 4*h = -108, 3*i + s = 2*h - 8. Let p = -19 - i. Calculate the remainder when p is divided by 2.
1
Let n(a) = 8*a - 19. Let b be n(3). Suppose -z + 13 + b = -2*f, -4*z + 60 = -2*f. Let q = 183 - 129. What is the remainder when q is divided by z?
12
Let f(o) = 7*o**2 + 8*o - 3. What is the remainder when f(-4) is divided by 13?
12
Let g = -3 - -6. Suppose -g*t - 16 = t. What is the remainder when 11 is divided by t/((-3)/(-3) + -2)?
3
Suppose 3*k - f + 4*f = -12, 5*f = 4*k - 11. Let v = k + -14. Let m = v - -43. What is the remainder when 81 is divided by m?
25
Suppose 61*i - 49 = 54*i. Suppose -i*w + 119 = -28. What is the remainder when w is divided by 6?
3
Let q = -175 + 221. What is the remainder when q is divided by 14?
4
Suppose -4*i - i = 0. Let b(q) = -q + 191. Let l be b(i). Suppose 0 = 4*x - 41 - l. Calculate the remainder when x is divided by 15.
13
Let v(q) = 6*q**2. Let p be v(2). Let d = p - 8. Let y = d + 2. What is the remainder when y is divided by 4?
2
Let t = -2755 - -2769. Calculate the remainder when 556 is divided by t.
10
Suppose 0 = 4*v, -2*l - 2*v - 44 = -4*v. Let b = l + 32. What is the remainder when 18 is divided by b?
8
What is the remainder when (3*3)/((-6)/(-28)) is